{"id":8,"date":"2023-05-30T12:10:01","date_gmt":"2023-05-30T10:10:01","guid":{"rendered":"http:\/\/ztebewh.cluster029.hosting.ovh.net\/?page_id=8"},"modified":"2023-05-30T13:05:41","modified_gmt":"2023-05-30T11:05:41","slug":"presentation","status":"publish","type":"page","link":"https:\/\/devactiv.fr\/","title":{"rendered":"Pr\u00e9sentation"},"content":{"rendered":"\n<figure class=\"wp-block-image size-full\"><img loading=\"lazy\" decoding=\"async\" width=\"748\" height=\"446\" src=\"http:\/\/ztebewh.cluster029.hosting.ovh.net\/wp-content\/uploads\/2023\/05\/Logo-avec-fond-blanc-1.png\" alt=\"\" class=\"wp-image-12\" srcset=\"https:\/\/devactiv.fr\/wp-content\/uploads\/2023\/05\/Logo-avec-fond-blanc-1.png 748w, https:\/\/devactiv.fr\/wp-content\/uploads\/2023\/05\/Logo-avec-fond-blanc-1-300x179.png 300w\" sizes=\"auto, (max-width: 748px) 100vw, 748px\" \/><\/figure>\n\n\n<p><style>\n    \/* Ajoutez votre CSS personnalis\u00e9 ici *\/<\/p>\n<p>    body {<br \/>\n      font-family: Arial, sans-serif;<br \/>\n    }<\/p>\n<p>    header {<br \/>\n      background-color: #f2f2f2;<br \/>\n      padding: 20px;<br \/>\n      text-align: center;<br \/>\n    }<\/p>\n<p>    h1 {<br \/>\n      color: #333333;<br \/>\n      font-size: 32px;<br \/>\n    }<\/p>\n<p>    .container {<br \/>\n      max-width: 800px;<br \/>\n      margin: 0 auto;<br \/>\n      padding: 20px;<br \/>\n    }<\/p>\n<p>    p {<br \/>\n      line-height: 1.6;<br \/>\n    }<\/p>\n<p>    footer {<br \/>\n      background-color: #333333;<br \/>\n      color: #ffffff;<br \/>\n      padding: 20px;<br \/>\n      text-align: center;<br \/>\n    }<\/p>\n<p>    footer p {<br \/>\n      margin: 0;<br \/>\n    }<br \/>\n  <\/style>\n<\/p>\n<header>\n<h1>DevActiv<\/h1>\n<\/header>\n<div class=\"container\">\n<h2>Sp\u00e9cialistes en d\u00e9veloppements sp\u00e9cifiques autour de l&rsquo;ERP Codial<\/h2>\n<p>DevActiv est une soci\u00e9t\u00e9 sp\u00e9cialis\u00e9e dans les d\u00e9veloppements sp\u00e9cifiques autour de l&rsquo;ERP Codial. Nous offrons des solutions personnalis\u00e9es pour r\u00e9pondre aux besoins uniques de nos clients et maximiser l&rsquo;efficacit\u00e9 de leur utilisation de l&rsquo;ERP Codial.<\/p>\n<p>Notre \u00e9quipe est compos\u00e9e d&rsquo;experts hautement qualifi\u00e9s et exp\u00e9riment\u00e9s dans le d\u00e9veloppement d&rsquo;applications et de solutions sur mesure. Nous travaillons en \u00e9troite collaboration avec nos clients pour comprendre leurs objectifs et concevoir des solutions adapt\u00e9es \u00e0 leurs besoins sp\u00e9cifiques.<\/p>\n<p>Le dirigeant de DevActiv, Anthony Boutier, est un ancien d\u00e9veloppeur Codial, o\u00f9 il a acquis une solide exp\u00e9rience. Fort de cette exp\u00e9rience, il a fond\u00e9 DevActiv en association avec Pascal Casseleux, PDG de l&rsquo;entreprise SAITEC, \u00e9ditrice du logiciel Codial, avec la vision de fournir des solutions personnalis\u00e9es et performantes bas\u00e9es sur l&rsquo;ERP Codial.<\/p>\n<p>Nos services comprennent :<\/p>\n<ul>\n<li>D\u00e9veloppements sp\u00e9cifiques pour l&rsquo;ERP Codial<\/li>\n<li>Cr\u00e9ation de macros<\/li>\n<li>Cr\u00e9ation de jeux d&rsquo;\u00e9dition et d&rsquo;\u00e9tats sp\u00e9cifique<\/li>\n<li>Cr\u00e9ations de fen\u00eatres sp\u00e9cifiques<\/li>\n<li>Cr\u00e9ations de modules compl\u00e9mentaires<\/li>\n<li>Adaptation de l&rsquo;interface de Codial en fonction des besoin<\/li>\n<\/ul>\n<p>Nous nous engageons \u00e0 offrir des solutions de qualit\u00e9, \u00e0 respecter les d\u00e9lais et \u00e0 fournir un excellent service \u00e0 nos clients. Nous sommes fiers d&rsquo;aider nos clients \u00e0 tirer le meilleur parti de leur investissement dans l&rsquo;ERP Codial et \u00e0 am\u00e9liorer leur productivit\u00e9.<\/p>\n<\/div>\n<footer>\u00a9 2023 DevActiv<p><\/p>\n<\/footer>\n\n\n<div class=\"wp-block-buttons is-layout-flex wp-block-buttons-is-layout-flex\">\n<div class=\"wp-block-button\"><a class=\"wp-block-button__link wp-element-button\" href=\"http:\/\/devactiv.fr\/index.php\/contact\/\">Nous contacter<\/a><\/div>\n<\/div>\n","protected":false},"excerpt":{"rendered":"<p>DevActiv Sp\u00e9cialistes en d\u00e9veloppements sp\u00e9cifiques autour de l&rsquo;ERP Codial DevActiv est une soci\u00e9t\u00e9 sp\u00e9cialis\u00e9e dans les d\u00e9veloppements sp\u00e9cifiques autour de l&rsquo;ERP Codial. Nous offrons des solutions personnalis\u00e9es pour r\u00e9pondre aux besoins uniques de nos clients et maximiser l&rsquo;efficacit\u00e9 de leur utilisation de l&rsquo;ERP Codial. Notre \u00e9quipe est compos\u00e9e d&rsquo;experts hautement qualifi\u00e9s et exp\u00e9riment\u00e9s dans le [&hellip;]<\/p>\n","protected":false},"author":1,"featured_media":0,"parent":0,"menu_order":0,"comment_status":"closed","ping_status":"closed","template":"","meta":{"footnotes":""},"class_list":["post-8","page","type-page","status-publish","hentry"],"_links":{"self":[{"href":"https:\/\/devactiv.fr\/index.php\/wp-json\/wp\/v2\/pages\/8","targetHints":{"allow":["GET"]}}],"collection":[{"href":"https:\/\/devactiv.fr\/index.php\/wp-json\/wp\/v2\/pages"}],"about":[{"href":"https:\/\/devactiv.fr\/index.php\/wp-json\/wp\/v2\/types\/page"}],"author":[{"embeddable":true,"href":"https:\/\/devactiv.fr\/index.php\/wp-json\/wp\/v2\/users\/1"}],"replies":[{"embeddable":true,"href":"https:\/\/devactiv.fr\/index.php\/wp-json\/wp\/v2\/comments?post=8"}],"version-history":[{"count":8,"href":"https:\/\/devactiv.fr\/index.php\/wp-json\/wp\/v2\/pages\/8\/revisions"}],"predecessor-version":[{"id":38,"href":"https:\/\/devactiv.fr\/index.php\/wp-json\/wp\/v2\/pages\/8\/revisions\/38"}],"wp:attachment":[{"href":"https:\/\/devactiv.fr\/index.php\/wp-json\/wp\/v2\/media?parent=8"}],"curies":[{"name":"wp","href":"https:\/\/api.w.org\/{rel}","templated":true}]}}